se -20*w + 1174 - 334 = 0. Let h = -18 + 33. Calculate the remainder when w is divided by h.
12
Let t = 59 - 48. What is the remainder when 296 is divided by t?
10
Suppose -150*l = -146*l - 288. Calculate the remainder when l is divided by 20.
12
Let l(f) = -58*f - 608. Calculate the remainder when 50 is divided by l(-11).
20
Let j(n) = -n + 23. Let h be j(9). Suppose 3*f - h = -2. Suppose 74 = 6*d - f. What is the remainder when 23 is divided by d?
10
Suppose 0*u = -10*u + 170. Calculate the remainder when 26 is divided by u.
9
Let u be (7 - -5)*1/3. Suppose -b = 5*w - 16, u*b - 22 = 2*w - w. Suppose -i = b*r - r - 263, -2*i = 4*r - 208. What is the remainder when r is divided by 14?
11
Suppose 197*x = 205*x - 376. Calculate the remainder when 234 is divided by x.
46
Let i be 22*4/14 + (-50)/175. Let o(h) = 2*h**2 + h - 5. Let b(g) = g**2 + g + 1. Let q(z) = -b(z) + o(z). Calculate the remainder when q(i) is divided by 11.
8
Let f(y) = y**3 - 11*y**2 + 19*y - 5. Let n be f(9). Let d = n + 11. Calculate the remainder when 42 is divided by d.
12
Suppose 5*t = 2*h + 20, t - 3*t - 2*h = -8. Let b = -88 + 88. Suppose 0 = -2*j - t, -4*j + b - 12 = -2*g. What is the remainder when g is divided by 2?
0
Suppose 15 = 4*x + g, g = -5*x + 2*x + 12. Suppose 0 = u + x - 2, -2*u = -5*l + 357. What is the remainder when l is divided by 19?
14
Suppose -53*o = -30*o - 115. What is the remainder when 199 is divided by o?
4
Suppose -4*i + 71 + 821 = 0. Calculate the remainder when i is divided by 29.
20
Let u(i) be the second derivative of -2*i**5/5 + i**4/12 - 4*i**3/3 - 11*i**2/2 + i. What is the remainder when u(-2) is divided by 37?
36
Let r = 297 + -118. What is the remainder when r is divided by 61?
57
Let w(n) = 13*n - 256. Calculate the remainder when 49 is divided by w(21).
15
What is the remainder when 141 is divided by (-8*24/(-144))/((-2)/(-36))?
21
Suppose -27 - 29 = -4*r. Let m(y) = -y**3 + 4*y**2 + 1. Let o be m(4). Let u(g) = 26*g**3 + 2*g**2 - 3*g + 2. What is the remainder when u(o) is divided by r?
13
Let g = 31 - 27. Suppose 4*c + 4 = 0, o = -g*o + 2*c + 47. Suppose 4*y = 2*y + 5*l + 43, y - 9 = 5*l. What is the remainder when y is divided by o?
7
Let u = 14 - 2. Let g(z) be the third derivative of -z**6/120 - z**5/60 - z**4/8 - z**3/2 + 4*z**2. Calculate the remainder when u is divided by g(-2).
5
Let c(k) be the second derivative of -k**3/6 + 31*k**2/2 + 11*k. What is the remainder when 33 is divided by c(19)?
9
Suppose -304 = -9*w + 281. Calculate the remainder when w is divided by 31.
3
Suppose 36 = 2*c + 2*c. Suppose -4*l - k + 3 = 0, 2*k - k - 5 = -5*l. Calculate the remainder when c is divided by l + 6 + (-2)/3*3.
3
Suppose 5*f - 19 = 181. Let w(k) = 2*k + 4. Calculate the remainder when f is divided by w(9).
18
Let o(p) = -p**3 - 5*p**2 + 12*p + 5. Let u be o(-7). Let b = 51 - u. Calculate the remainder when 61 is divided by b.
29
Let d = -66 - -116. Suppose -3*g + 52 = g. What is the remainder when d is divided by g?
11
Suppose 0 = -x - 4*c + 7*c + 41, 0 = -3*c - 9. Let w = x - 16. Calculate the remainder when 45 is divided by w.
13
What is the remainder when 53 is divided by (6/(-9))/(192/(-63) + 3)?
11
Suppose -20*f + 135 + 90 = -11*f. Let i = 132 + -83. What is the remainder when i is divided by f?
24
Suppose -2*n = -3*n + 5. Suppose 2*g + 9 = n*a, -4*a - 5*g + 10*g - 3 = 0. Let d = -296 + 306. Calculate the remainder when d is divided by a.
1
Suppose 0 = 24*q - 9*q - 45. What is the remainder when q is divided by 2?
1
Suppose 5*w = -5*a + 125 - 5, 4*a = w - 9. Let z(x) = -x**2 + 12*x + 11. What is the remainder when w is divided by z(12)?
10
Suppose -99 = -o + 26. Let q(w) = 3*w**3 - 8*w**2 + 4*w + 22. Calculate the remainder when o is divided by q(3).
39
Calculate the remainder when 112 is divided by (-2 + 3)*28*9/6.
28
Suppose 1118 = -t + 27*t. What is the remainder when 341 is divided by t?
40
Suppose 11 - 266 = -3*d. Suppose -5*i = 7*r - 2*r - 220, d = 2*r - i. Calculate the remainder when r is divided by 23.
20
Let f = 237 + -178. Calculate the remainder when f is divided by 10.
9
Let q be 7 - (-3 + 4/4). Suppose -2*u - q = -33. Calculate the remainder when u is divided by (-29)/(-4) - (-1)/(-4).
5
Calculate the remainder when -1 + 38 - ((1 - -3) + -8) is divided by 14.
13
Suppose -4*p + 2*k = k - 18, -2*p + 6 = -2*k. Suppose 0 = -p*m + 2*m + 3. Calculate the remainder when (-158)/(1 - 3) + m is divided by 27.
26
Let z be (-15)/45 - (1 + (-265)/3). Suppose 4*a = -4*g + 100, 2*a - z = -5*g + 32. Calculate the remainder when 2 + 65 - 2/(-2) is divided by g.
22
Suppose -128 = -78*q + 1276. What is the remainder when 878 is divided by q?
14
Suppose 5*j = -4*l + 22, -2*j - j - l + 9 = 0. Suppose -114 + j = -4*m. What is the remainder when m is divided by 11?
6
Calculate the remainder when (-42)/(-24)*(6 - 2) is divided by 4.
3
Let s(h) = -2*h**3 + 33*h**2 + 22*h - 58. Calculate the remainder when 158 is divided by s(17).
23
Suppose 0 = -s - 0*s + 27. Let a(h) = -5*h**2 - 279*h + 70. What is the remainder when s is divided by a(-56)?
13
Let r(u) = -4*u - 3. Let a be r(-2). Suppose -30 = -m + 4*g, -98 = -4*m + a*g + 33. Suppose -2*n = -m - 64. What is the remainder when n is divided by 26?
23
Let c = 371 + -356. What is the remainder when c is divided by 10?
5
Suppose 0 = -0*a - 5*a + 50. Suppose 3*h - 78 = -d - a, 2*d - 4 = 0. What is the remainder when 87 is divided by h?
21
Suppose -66*f = -68*f + 16. What is the remainder when 8 is divided by f?
0
What is the remainder when 549/15 + 6/15 is divided by 14?
9
Let b(q) = -2*q**3 - 4*q**2 - 2*q - 12. Calculate the remainder when b(-4) is divided by 31.
29
Suppose -5*c - 5*j = -2*j - 19, 0 = 5*c - 3*j - 31. Let g = -143 - -146. Let i = c + g. Calculate the remainder when 13 is divided by i.
5
Let h(s) = -9*s - 14*s + 16*s + 11 - 2*s**2. Let i(k) = -3*k**2 - 15*k + 23. Let n(o) = -5*h(o) + 3*i(o). What is the remainder when 38 is divided by n(10)?
10
Suppose -5*v = 2*v - 56. Suppose v = 2*j - 14. What is the remainder when 43 is divided by j?
10
What is the remainder when 1551 is divided by ((-484)/(-55) - 10)*(-70)/4?
18
Let k(f) = -f**3 + 16*f**2 - 15*f + 3. Let p be k(15). Suppose 0 = -3*x - 15, -p*i = i + x - 59. Calculate the remainder when 40 is divided by i.
8
Let v(n) = -n. Let l = 132 - 55. What is the remainder when l is divided by v(-13)?
12
Let p(o) = -2*o + 0*o - 14 + 28 + 20. Calculate the remainder when p(-10) is divided by 11.
10
Let n = -426 - -461. Calculate the remainder when 454 is divided by n.
34
Let b be (140/(-21))/((-2)/12). Suppose 9 = -l + 5*q + 28, b = l + 2*q. What is the remainder when l is divided by 9?
7
Let r(u) = 20*u + 23. Suppose t - 25 = -i, -3*i + 4*t + 75 = -t. Let p = i - 19. Calculate the remainder when r(p) is divided by 36.
35
Let g(s) = 10*s + 6. Let r = -2 + 6. Let i be g(r). Suppose -2*x = -0*x - i. Calculate the remainder when x is divided by 13.
10
What is the remainder when 14 is divided by 6*(2 + -1)*(-2)/(-3)?
2
Let l(c) = c**3 - 22*c**2 + 3*c + 439. Calculate the remainder when 132 is divided by l(21).
10
Let z = 0 + 2. Suppose -134 = -3*p + 2*s, -z*p = -s - 4*s - 93. Suppose l - 7 = -4*t, 16 = -t - 3*t. What is the remainder when p is divided by l?
21
What is the remainder when 74 is divided by (-6450)/(-100)*(-2)/(-3)?
31
Let y(l) = -l**3 - 6*l**2 + l + 3. Let n be y(-6). Suppose 9*p + 10 = 7*p. Calculate the remainder when 29 is divided by 4*n/(-4) - p.
5
Suppose -k = 3*k - 116. Let r = 1482 - 1467. Calculate the remainder when k is divided by r.
14
Suppose 99*y - 108*y = -126. What is the remainder when 110 is divided by y?
12
Let i = -214 + 246. Calculate the remainder when i is divided by 10.
2
Let d = 36 + -86. Let j = 93 + -52. Calculate the remainder when j is divided by ((-63)/(-15))/((-15)/d).
13
Let a(z) = -13*z**3 + z**2 + 2*z + 1. Let c = 1384 + -1348. What is the remainder when c is divided by a(-1)?
10
Let q = 45 + -24. Calculate the remainder when (-11 + 6 + (-45)/(-10))*-162 is divided by q.
18
Let q = -409 + 434. What is the remainder when 96 is divided by q?
21
Suppose 0 = 5*j - 5, 5*q = -4*j + 144 + 110. Calculate the remainder when q is divided by 69/4 + 2/(-8).
16
Let u(n) = -2*n**2 + 5*n + 6. Let w(q) = 